 number?
False
Is 87833 a prime number?
True
Is 1275113 a prime number?
False
Is 570383 a prime number?
False
Is 250199 a prime number?
True
Is 139241 a composite number?
False
Is 71471 a composite number?
False
Is 3037 prime?
True
Is 62401 a composite number?
False
Is 94313 prime?
False
Is 14401 a prime number?
True
Is 537766 composite?
True
Is 44347 a prime number?
False
Is 8461 a prime number?
True
Is 430421 a composite number?
True
Is 1829 prime?
False
Is 6463 composite?
True
Is 844309 a composite number?
False
Is 14347 a prime number?
True
Is 144947 a composite number?
True
Is 6503 a prime number?
False
Is 3761 a prime number?
True
Is 6751 a prime number?
False
Is 91193 a composite number?
False
Is 75713 a prime number?
False
Is 464935 prime?
False
Is 376127 a composite number?
False
Is 17623 a prime number?
True
Is 121411 a prime number?
False
Is 139391 a prime number?
False
Is 27509 a prime number?
True
Is 1003649 a prime number?
False
Is 53069 a composite number?
False
Is 889 composite?
True
Is 53693 a composite number?
False
Is 6679 a composite number?
False
Is 875305 composite?
True
Is 1993 prime?
True
Is 797 a prime number?
True
Is 181523 a prime number?
True
Is 390703 a composite number?
False
Is 16301 composite?
False
Is 102815 prime?
False
Is 10229 composite?
True
Is 1134583 a composite number?
False
Is 662 a composite number?
True
Is 766399 a composite number?
False
Is 7737 prime?
False
Is 4861 a prime number?
True
Is 198595 prime?
False
Is 65083 prime?
False
Is 8749 a prime number?
False
Is 84533 a prime number?
True
Is 12603 composite?
True
Is 49107 a prime number?
False
Is 20087 a prime number?
False
Is 142339 a prime number?
False
Is 11255 prime?
False
Is 4367 a prime number?
False
Is 128143 prime?
False
Is 37546 a composite number?
True
Is 29123 prime?
True
Is 183671 prime?
False
Is 42923 prime?
True
Is 28445 a composite number?
True
Is 29609 a prime number?
False
Is 9773 composite?
True
Is 21011 a prime number?
True
Is 67457 composite?
True
Is 1088053 a prime number?
True
Is 1847 a prime number?
True
Is 4195 a prime number?
False
Is 17807 prime?
True
Is 63241 a composite number?
False
Is 92947 composite?
True
Is 440431 a composite number?
False
Is 71017 a composite number?
True
Is 3649 a composite number?
True
Is 23173 prime?
True
Is 458009 prime?
True
Is 14623 a composite number?
True
Is 199 a prime number?
True
Is 21059 a prime number?
True
Is 1350623 a prime number?
True
Is 40867 a composite number?
False
Is 7971 composite?
True
Is 6197 composite?
False
Is 19121 composite?
False
Is 249911 composite?
False
Is 1103 a composite number?
False
Is 17521 a prime number?
False
Is 137587 a composite number?
False
Is 86711 prime?
True
Is 5623 a composite number?
False
Is 58039 composite?
True
Is 3349 a composite number?
True
Is 3261 a composite number?
True
Is 13309 composite?
False
Is 43151 a composite number?
False
Is 1345079 prime?
True
Is 127619 composite?
True
Is 43931 a composite number?
True
Is 12871 composite?
True
Is 32831 prime?
True
Is 2287 prime?
True
Is 103387 prime?
True
Is 218813 composite?
True
Is 6469 composite?
False
Is 1171543 composite?
True
Is 186091 prime?
False
Is 7621 composite?
False
Is 351829 a prime number?
True
Is 3019 composite?
False
Is 662 a prime number?
False
Is 195961 a composite number?
True
Is 9199 composite?
False
Is 164413 a composite number?
False
Is 122231 a prime number?
True
Is 4258 a prime number?
False
Is 20323 a prime number?
True
Is 96809 a composite number?
True
Is 226367 composite?
False
Is 17669 a prime number?
True
Is 84979 prime?
True
Is 75583 a composite number?
False
Is 114007 prime?
False
Is 104569 composite?
True
Is 603494 a composite number?
True
Is 54751 a composite number?
False
Is 30059 composite?
False
Is 310946 composite?
True
Is 573437 a prime number?
True
Is 254 a composite number?
True
Is 42985 prime?
False
Is 97178 composite?
True
Is 2362409 a prime number?
False
Is 2053 a composite number?
False
Is 14863 composite?
True
Is 2119 a prime number?
False
Is 50057 prime?
False
Is 20695 a prime number?
False
Is 115099 a composite number?
False
Is 230171 composite?
True
Is 268721 a composite number?
False
Is 10895 a composite number?
True
Is 945635 prime?
False
Is 23969 a composite number?
True
Is 48905 composite?
True
Is 1559 composite?
False
Is 13093 a composite number?
False
Is 8461 composite?
False
Is 14519 a prime number?
True
Is 5333 composite?
False
Is 37319 a composite number?
True
Is 4711 composite?
True
Is 297299 composite?
True
Is 37069 composite?
True
Is 974 prime?
False
Is 26479 prime?
True
Is 6753 a composite number?
True
Is 839 prime?
True
Is 1148779 a prime number?
False
Is 4153 prime?
True
Is 37451 prime?
False
Is 43123 prime?
False
Is 9487 prime?
False
Is 463441 prime?
False
Is 3019411 a prime number?
True
Is 4918 a composite number?
True
Is 257099 composite?
False
Is 1360891 prime?
False
Is 1071214 prime?
False
Is 1555 a composite number?
True
Is 19813 a composite number?
False
Is 13033 a composite number?
False
Is 3403 a prime number?
False
Is 2279 a composite number?
True
Is 160619 a composite number?
False
Is 173821 a prime number?
False
Is 180233 a prime number?
True
Is 352349 composite?
False
Is 2317 prime?
False
Is 1280101 prime?
True
Is 27663 a composite number?
True
Is 48329 a prime number?
False
Is 454207 prime?
False
Is 16427 composite?
False
Is 50665 a composite number?
True
Is 2927 a prime number?
True
Is 36111 a composite number?
True
Is 10687 prime?
True
Is 1061 prime?
True
Is 135701 a composite number?
False
Is 274811 a prime number?
True
Is 442363 composite?
False
Is 14969 prime?
True
Is 277345 a prime number?
False
Is 62993 a composite number?
True
Is 11347 a prime number?
False
Is 498337 prime?
False
Is 34421 prime?
True
Is 2705 prime?
False
Is 412249 prime?
True
Is 212165 prime?
False
Is 175709 a composite number?
False
Is 13751 prime?
True
Is 750067 composite?
True
Is 30749 a prime number?
False
Is 1219343 composite?
False
Is 43193 a composite number?
True
Is 6599 a composite number?
False
Is 47459 prime?
True
Is 330653 composite?
False
Is 23417 prime?
True
Is 2650639 a composite number?
False
Is 527201 composite?
True
Is 37243 composite?
False
Is 67751 composite?
False
Is 33809 prime?
True
Is 14207 a prime number?
True
Is 80111 a prime number?
True
Is 701 a prime number?
True
Is 185581 prime?
False
Is 108319 prime?
False
Is 4927 a prime number?
False
Is 9745 prime?
False
Is 1949 a composite number?
False
Is 17551 prime?
True
Is 333571 prime?
False
Is 593095 a prime number?
False
Is 218731 composite?
True
Is 17287 a composite number?
True
Is 38219 a composite number?
False
Is 129847 a composite number?
True
Is 2095211 prime?
True
Is 13093 a prime number?
True
Is 28729 a prime number?
True
Is 1111 composite?
True
Is 1931 a prime number?
True
Is 29603 prime?
False
Is 8101 prime?
True
Is 9901 a composite number?
False
Is 4399 a prime number?
False
Is 2819 a prime number?
True
Is 54987 a composite number?
True
Is 39595 prime?
False
Is 62897 a composite number?
False
Is 655807 a prime number?
True
Is 9181 composite?
False
Is 131269 composite?
True
Is 235453 a prime number?
False
Is 695 composite?
True
Is 548117 a composite number?
False
Is 82078 a composite number?
True
Is 1712941 prime?
False
Is 10973 a composite number?
False
Is 193399 prime?
False
Is 417629 composite?
True
Is 619511 prime?
True
Is 286489 prime?
False
Is 36523 a composite number?
False
Is 4547 a composite number?
False
Is 2831134 prime?
False
Is 173357 a prime number?
True
Is 243233 composite?
False
Is 484411 a prime number?
True
Is 12938 a prime number?
False
Is 7769 a composite number?
True
Is 109 prime?
True
Is 748903 a prime number?
False
Is 175949 a prime number?
True
Is 1620227 composite?
True
Is 106459 composite?
True
Is 545441 a composite number?
True
Is 1155263 a composite number?
False
Is 50791 composite?
True
Is 478871 composite?
False
Is 75869 a prime number?
True
Is 46595 prime?
False
Is 45247 a prime number?
True
Is 1757 composite?
True
Is 19531 composite?
False
Is 51787 prime?
True
Is 33185 prime?
False
Is 36103 composite?
True
Is 1893 a composite number?
True
Is 15259 a composite number?
False
Is 237331 composite?
False
Is 8209 a prime number?
True
I